he highest common factor of 2647060 and 754?
26
Calculate the highest common factor of 2002 and 8047270.
154
What is the highest common factor of 5268 and 310577574?
2634
What is the highest common divisor of 427 and 17516821?
427
Calculate the highest common factor of 1788 and 2046068.
596
Calculate the highest common factor of 5 and 26228995.
5
What is the highest common factor of 3624 and 8573025?
453
What is the greatest common factor of 202158474 and 84?
42
Calculate the highest common divisor of 46936409 and 4277.
611
Calculate the greatest common divisor of 5170 and 1926060.
470
What is the greatest common divisor of 1276 and 2220881828?
1276
What is the highest common factor of 28182 and 132967373?
4697
What is the highest common divisor of 140154 and 25986?
426
What is the highest common divisor of 535088 and 33496?
424
Calculate the greatest common factor of 3611976 and 38.
38
Calculate the greatest common divisor of 523 and 80341691.
523
Calculate the greatest common factor of 96816 and 2880384.
48
Calculate the greatest common divisor of 1329446 and 46.
46
Calculate the highest common factor of 2088 and 67544.
8
What is the greatest common divisor of 36889 and 3341914?
37
Calculate the greatest common divisor of 2618153 and 1011.
337
Calculate the greatest common divisor of 3765 and 11511111.
753
What is the greatest common factor of 18 and 89417754?
18
What is the greatest common divisor of 1096956 and 27972?
756
Calculate the highest common factor of 948020 and 277344.
428
What is the highest common divisor of 169342335 and 45?
45
Calculate the greatest common divisor of 2627 and 350243.
71
What is the highest common divisor of 9100304 and 68?
68
What is the greatest common divisor of 5118334 and 101062?
338
Calculate the highest common divisor of 14234418 and 132.
66
Calculate the greatest common factor of 32449 and 168017.
37
Calculate the greatest common factor of 6431292 and 164710.
2534
What is the highest common divisor of 25591782 and 47?
47
Calculate the highest common divisor of 35880 and 6008808.
312
Calculate the highest common divisor of 1148023074 and 726.
726
Calculate the highest common factor of 87277226 and 24630.
1642
What is the highest common divisor of 71365468 and 7086?
2362
Calculate the highest common factor of 20987 and 46469.
31
Calculate the highest common divisor of 650 and 13434902.
26
What is the greatest common factor of 137104 and 2421892?
836
Calculate the highest common divisor of 236 and 1087880468.
236
Calculate the greatest common divisor of 110531 and 447289.
1033
What is the highest common divisor of 359190 and 13104?
234
What is the greatest common divisor of 35972 and 3605802?
782
Calculate the highest common divisor of 38025 and 11153493.
1521
Calculate the highest common factor of 42 and 19789146.
6
Calculate the highest common factor of 1764800 and 6400.
1600
Calculate the greatest common factor of 5239927 and 14399.
1309
What is the highest common divisor of 8425 and 528079?
337
What is the highest common divisor of 3392393 and 4731?
19
Calculate the greatest common factor of 4800 and 98136.
24
Calculate the greatest common factor of 2 and 764143.
1
Calculate the highest common divisor of 1363363 and 86403.
347
What is the highest common factor of 10667966 and 658?
94
Calculate the greatest common factor of 481361 and 1500109.
257
What is the highest common divisor of 1474 and 86482?
22
What is the greatest common divisor of 130137200 and 1200?
400
What is the greatest common divisor of 29 and 139481474?
29
What is the greatest common divisor of 57930258 and 186?
186
Calculate the highest common factor of 21048016 and 40.
8
Calculate the greatest common factor of 720 and 93700560.
240
Calculate the highest common divisor of 24444081 and 1161.
387
What is the highest common divisor of 34523 and 47633?
437
Calculate the greatest common divisor of 3983779 and 372.
31
What is the highest common factor of 71379120 and 384?
48
What is the greatest common factor of 63276 and 444?
12
What is the greatest common divisor of 406 and 705677?
7
Calculate the highest common divisor of 42 and 371010.
6
Calculate the highest common factor of 122525376 and 224.
32
Calculate the greatest common divisor of 166609146 and 561.
561
Calculate the greatest common factor of 24 and 51426.
6
Calculate the highest common divisor of 51246 and 45895538.
1898
What is the highest common factor of 78 and 298301263?
13
Calculate the highest common divisor of 36773730 and 378.
378
Calculate the highest common divisor of 109310881 and 69.
23
What is the highest common factor of 8 and 1437841?
1
What is the greatest common factor of 4455 and 36474570?
1485
Calculate the greatest common factor of 564650 and 1250.
50
What is the highest common divisor of 1474 and 124343692?
1474
What is the greatest common divisor of 48958412 and 1868?
1868
What is the highest common divisor of 1 and 53695060?
1
Calculate the greatest common factor of 1806885 and 3555.
45
What is the greatest common factor of 9999 and 18099?
9
Calculate the greatest common factor of 13004426 and 2292.
382
What is the highest common divisor of 12 and 67118820?
12
What is the greatest common factor of 27096 and 79368?
24
What is the greatest common factor of 3128 and 9414107?
391
Calculate the highest common divisor of 488180 and 23980.
220
Calculate the greatest common factor of 129 and 301674713.
43
What is the highest common divisor of 126619 and 716843?
997
What is the highest common divisor of 3702 and 97024484?
1234
Calculate the highest common divisor of 224602 and 339892.
854
Calculate the greatest common factor of 415 and 266372647.
83
Calculate the greatest common divisor of 3 and 69429.
3
Calculate the highest common factor of 2977 and 314483.
13
What is the highest common divisor of 14324480 and 5415?
1805
Calculate the highest common factor of 388104 and 304737.
471
What is the greatest common factor of 986 and 6126685?
29
Calculate the greatest common factor of 4409509 and 1803514.
8273
What is the greatest common factor of 4854 and 33438?
6
Calculate the greatest common factor of 19210 and 24664510.
1130
Calculate the highest common divisor of 1890 and 8435210.
70
Calculate the greatest common divisor of 133710468 and 12.
12
Calculate the greatest common divisor of 6197867 and 104.
13
Calculate the greatest common divisor of 17714367 and 5940.
99
What is the highest common factor of 58 and 64654543?
29
What is the highest common divisor of 583832 and 24656?
184
What is the greatest common divisor of 1976 and 11037442?
494
Calculate the highest common factor of 11 and 87309200.
11
What is the highest common factor of 2405 and 150560215?
2405
Calculate the highest common divisor of 161285208 and 72.
24
Calculate the highest common factor of 4996898 and 2.
2
What is the highest common factor of 22 and 813246214?
22
Calculate the highest common factor of 2310 and 5734120.
70
Calculate the highest common divisor of 7110676 and 3271741.
6917
Calculate the highest common factor of 158323 and 66825.
11
Calculate the highest common factor of 253005 and 1111.
101
What is the greatest common factor of 2305 and 14330185?
2305
Calculate the greatest common divisor of 20765 and 16080.
5
What is the greatest common factor of 4753 and 218850527?
679
What is the greatest common factor of 5824 and 1350440?
728
What is the highest common divisor of 3295 and 5707684670?
3295
What is the greatest common divisor of 579449 and 2365337?
689
What is the highest common factor of 456664 and 4784?
104
Calculate the greatest common factor of 5819097 and 3.
3
Calculate the greatest common divisor of 291079 and 73519.
37
Calculate the greatest common factor of 39065376 and 1176.
168
Calculate the highest common divisor of 26310 and 7960.
10
What is the highest common factor of 1241655225 and 950?
475
Calculate the greatest common factor of 2459424 and 9911.
187
Calculate the greatest common factor of 6412423 and 23.
23
Calculate the greatest common divisor of 207 and 71719819.
23
What is the greatest common divisor of 33644 and 420212?
52
Calculate the greatest common divisor of 3 and 8172035.
1
Calculate the highest common divisor of 269395 and 123109.
301
Calculate th